of 135?
True
Is 4229 a multiple of 21?
False
Does 11 divide 10494?
True
Is 20 a factor of 29500?
True
Does 20 divide 447?
False
Does 35 divide 23135?
True
Is 561 a multiple of 17?
True
Is 23 a factor of 11913?
False
Does 3 divide 34?
False
Does 149 divide 38906?
False
Is 59 a factor of 1652?
True
Does 91 divide 182?
True
Is 16060 a multiple of 5?
True
Does 84 divide 2601?
False
Is 34 a factor of 132117?
False
Does 6 divide 73095?
False
Is 21360 a multiple of 10?
True
Is 2 a factor of 118?
True
Is 42 a factor of 5334?
True
Is 39918 a multiple of 155?
False
Is 23192 a multiple of 24?
False
Is 68 a factor of 19255?
False
Is 37286 a multiple of 107?
False
Does 25 divide 646?
False
Does 75 divide 1367?
False
Is 11 a factor of 78934?
False
Does 16 divide 1296?
True
Is 54 a factor of 976?
False
Is 12 a factor of 8197?
False
Does 27 divide 3929?
False
Is 36 a factor of 98748?
True
Is 7317 a multiple of 86?
False
Is 12 a factor of 516?
True
Is 40 a factor of 2414?
False
Is 125 a multiple of 25?
True
Is 5876 a multiple of 113?
True
Does 102 divide 11554?
False
Is 26 a factor of 568?
False
Is 15 a factor of 1260?
True
Does 8 divide 94?
False
Is 198 a multiple of 10?
False
Is 10 a factor of 70?
True
Does 120 divide 1440?
True
Is 44 a multiple of 11?
True
Is 5542 a multiple of 17?
True
Is 48 a factor of 4644?
False
Does 17 divide 7378?
True
Does 4 divide 4?
True
Does 5 divide 810?
True
Is 33 a factor of 141775?
False
Does 37 divide 1258?
True
Is 14 a factor of 26806?
False
Does 2 divide 12386?
True
Does 5 divide 2414?
False
Does 34 divide 27574?
True
Is 32 a factor of 188?
False
Does 22 divide 484?
True
Is 87 a factor of 17748?
True
Does 19 divide 275?
False
Does 27 divide 486?
True
Is 3 a factor of 10302?
True
Is 52395 a multiple of 208?
False
Does 27 divide 2497?
False
Does 15 divide 84?
False
Does 101 divide 47766?
False
Is 15 a factor of 9122?
False
Is 1726 a multiple of 4?
False
Is 24 a factor of 367?
False
Does 18 divide 12994?
False
Is 122700 a multiple of 52?
False
Does 32 divide 472?
False
Is 89 a factor of 2666?
False
Is 20 a factor of 1260?
True
Does 40 divide 1160?
True
Is 16377 a multiple of 53?
True
Is 310 a multiple of 62?
True
Is 226 a multiple of 3?
False
Is 23 a factor of 1065?
False
Is 43 a factor of 2279?
True
Is 7578 a multiple of 18?
True
Does 3 divide 120?
True
Is 2055 a multiple of 11?
False
Is 400 a multiple of 40?
True
Does 18 divide 6858?
True
Is 27 a factor of 716?
False
Is 6364 a multiple of 86?
True
Is 15 a factor of 2190?
True
Is 23 a factor of 17802?
True
Is 13984 a multiple of 38?
True
Is 6 a factor of 183?
False
Is 72224 a multiple of 132?
False
Is 357 a multiple of 51?
True
Is 17 a factor of 10540?
True
Does 38 divide 874?
True
Is 66563 a multiple of 139?
False
Is 15 a factor of 1268?
False
Is 12 a factor of 2172?
True
Does 10 divide 482?
False
Is 16 a factor of 560?
True
Is 163 a multiple of 59?
False
Is 359 a multiple of 18?
False
Does 25 divide 37155?
False
Is 16 a factor of 448?
True
Is 45 a factor of 34680?
False
Is 23 a factor of 152?
False
Does 9 divide 22763?
False
Is 4620 a multiple of 35?
True
Is 981 a multiple of 9?
True
Is 5 a factor of 3105?
True
Is 539 a multiple of 26?
False
Does 219 divide 876?
True
Is 112 a factor of 31282?
False
Is 5 a factor of 5290?
True
Is 32224 a multiple of 53?
True
Does 29 divide 38251?
True
Is 34200 a multiple of 171?
True
Does 17 divide 3330?
False
Does 16 divide 784?
True
Is 4 a factor of 27?
False
Is 738 a multiple of 49?
False
Does 36 divide 79427?
False
Does 30 divide 13500?
True
Is 35 a factor of 5880?
True
Is 116189 a multiple of 145?
False
Does 41 divide 1889?
False
Is 1730 a multiple of 46?
False
Is 28646 a multiple of 43?
False
Is 30057 a multiple of 43?
True
Does 8 divide 86613?
False
Is 3306 a multiple of 19?
True
Is 46 a factor of 46046?
True
Is 4591 a multiple of 30?
False
Does 245 divide 66640?
True
Is 8727 a multiple of 4?
False
Does 8 divide 3060?
False
Is 161 a factor of 25599?
True
Does 3 divide 921?
True
Does 44 divide 3742?
False
Is 1983 a multiple of 2?
False
Does 60 divide 5427?
False
Does 54 divide 15155?
False
Is 2968 a multiple of 53?
True
Is 12 a factor of 1092?
True
Does 8 divide 9016?
True
Is 8460 a multiple of 47?
True
Is 5356 a multiple of 52?
True
Is 48 a factor of 3471?
False
Does 90 divide 15361?
False
Does 35 divide 4204?
False
Is 9 a factor of 1277?
False
Is 5018 a multiple of 26?
True
Is 22 a factor of 4004?
True
Is 201 a factor of 990?
False
Is 43 a factor of 31709?
False
Is 32 a factor of 8640?
True
Does 19 divide 59470?
True
Is 9 a factor of 108?
True
Is 23 a factor of 2783?
True
Is 85 a factor of 3079?
False
Does 2 divide 3164?
True
Is 10 a factor of 2180?
True
Is 2710 a multiple of 9?
False
Does 74 divide 19536?
True
Is 1460 a multiple of 4?
True
Is 5175 a multiple of 23?
True
Is 218 a multiple of 19?
False
Is 8568 a multiple of 72?
True
Does 12 divide 9145?
False
Does 19 divide 57?
True
Does 27 divide 78004?
False
Does 10 divide 2354?
False
Does 93 divide 5178?
False
Does 5 divide 250?
True
Is 2722 a multiple of 59?
False
Is 17092 a multiple of 19?
False
Is 10 a factor of 734?
False
Does 49 divide 3129?
False
Does 2 divide 13?
False
Is 57686 a multiple of 75?
False
Does 164 divide 4428?
True
Is 3724 a multiple of 49?
True
Is 25 a factor of 6250?
True
Does 15 divide 4770?
True
Does 135 divide 63324?
False
Does 53 divide 1765?
False
Does 154 divide 11417?
False
Is 3 a factor of 3459?
True
Does 23 divide 2231?
True
Is 1966 a multiple of 8?
False
Is 122496 a multiple of 66?
True
Is 1508 a multiple of 58?
True
Is 15 a factor of 4230?
True
Does 52 divide 156?
True
Does 17 divide 4119?
False
Is 225 a multiple of 10?
False
Does 37 divide 4484?
False
Does 6 divide 749?
False
Does 20 divide 4880?
True
Does 48 divide 16943?
False
Is 3789 a multiple of 9?
True
Is 35451 a multiple of 13?
True
Is 36 a factor of 17136?
True
Is 4 a factor of 171?
False
Is 212 a multiple of 8?
False
Is 12 a factor of 2822?
False
Is 225 a factor of 19931?
False
Does 173 divide 25441?
False
Is 140 a factor of 22540?
True
Is 7 a factor of 1169?
True
Does 103 divide 3582?
False
Is 5 a factor of 343?
False
Is 1767 a multiple of 79?
False
Does 12 divide 24252?
True
Does 10 divide 24748?
False
Does 19 divide 11071?
False
Does 6 divide 342?
True
Is 99 a factor of 2114?
False
Is 14 a factor of 3137?
False
Is 21 a factor of 851?
False
Does 6 divide 2007?
False
Does 38 divide 722?
True
Is 24721 a multiple of 239?
False
Is 29 a factor of 5041?
False
Is 6674 a multiple of 142?
True
Does 25 divide 1675?
True
Is 19 a factor of 115670?
False
Is 89 a factor of 48288?
False
Does 13 divide 806?
True
Does 155 divide 310?
True
Is 32631 a multiple of 219?
True
Is 20 a factor of 1520?
True
Does 10 divide 2600?
True
Is 9024 a multiple of 47?
True
Is 8 a factor of 19132?
False
Does 103 divide 9741?
False
Does 53 divide 46216?
True
Is 139 a multiple of 6?
False
Is 20 a factor of 177?
False
Is 1091 a multiple of 26?
False
Is 13 a factor of 806?
True
Is 4548 a multiple of 94?
False
Is 5 a factor of 335?
True
Is 2492 a multiple of 28?
True
Does 25 divide 13400?
True
Is 11378 a multiple of 22?
False
Is 3305 a multiple of 5?
True
Is 432 a multiple of 6?
True
Does 101 divide 5095?
False
Is 32 a factor of 6304?
True
Does 46 divide 4830?
True
Does 18 divide 684?
True
Is 12 a factor of 30?
False
Is 385 a multiple of 7?
True
Does 10 divide 820?
True
Is 47 a multiple of 4?
False
Does 28 divide 73403?
False
Does 19 divide 20653?
True
Does 8 divide 624?
True
Is 8 a factor of 360?
True
Is 16 a factor of 4064?
True
Is 82509 a multiple of 7?
True
Is 58 a factor of 2501?
False
Is 14945 a multiple of 33?
False
Is 43 a factor of 3999?
True
Is 16326 a multiple of 104?
False
Is 43 a factor of 31390?
True
Is 21735 a multiple of 135?
True
Does 78 divide 1696?
False
Is 4216 a multiple of 20?
False
Does 371 divide 81620?
True
Is 25 a factor of 25500?
True
Does 97 divide 1834?
False
Is 20 a factor of 11900?
True
Is 8 a factor of 2256?
True
Is 953 a multiple of 59?
False
Does 30 divide 1440?
True
Does 105 divide 13970?
False
Is 40 a factor of 4480?
True
Is 11608 a multiple of 8?
True
Is 1020 a multiple of 11?
False
Is 720 a multiple of 40?
True
Is 936 a multiple of 24?
True
Is 89 a factor of 89?
True
Is 729 a multiple 